
Let q(f) = -3*f**2 + 9*f - 5. Let u be q(3). Let d(h) = -2*h**2 - 7*h - 3. Determine d(u).
-18
Let k be 0/((-14)/(-4)*(-16)/(-28)). Let c(h) = -69 + h**2 + 40 + 33. What is c(k)?
4
Let c(t) = 11*t**3 - t**2 + 1. Let k be 0 - (1 - 2)*-9. Let m = k + 10. What is c(m)?
11
Suppose -s + 258 = 259. Let z(u) = -14*u**3 - u. Determine z(s).
15
Let v(p) = -p**2 + 1. Let s(n) = -n + 2. Let y(l) = l - 1. Let j(h) = -5*s(h) - 4*y(h). Let r be (-1)/((80/(-12))/(-4) - 2). Let c be j(r). Determine v(c).
-8
Let c(y) be the first derivative of y**4/4 + 4*y**3/3 + y**2 - y + 4. Let x = -6 + 5. Let i be (3 - 1 - 3) + x. Give c(i).
3
Let w = 18 - 25. Let z = w - -13. Let m(d) = -d**3 + 5*d**2 + 7*d - 6. Give m(z).
0
Suppose 113 = -r + 4*p, -5*p = -10 - 15. Let c = r - -98. Let v(u) = -u**2 + 5*u. What is v(c)?
0
Let o(f) = 2*f**2 - f - 3. Let j be -2*((-20)/8 + 1). What is o(j)?
12
Suppose -5*p + 20 = -0*p. Suppose 5*a - 1 = p*a. Let k(s) = -a + 0*s + 3*s - 2*s. Give k(2).
1
Let i = -660 + 648. Let y(s) = s**3 + 11*s**2 - 12*s - 3. Calculate y(i).
-3
Let k(b) be the second derivative of b**5/20 - 25*b**4/12 + b**3/6 - 8*b**2 + 10*b + 20. What is k(25)?
9
Let t(l) = 655*l + 648*l - 1304*l. Give t(-7).
7
Let w(a) = -a + 5. Let u(n) be the second derivative of -5*n**2/2 - 8*n. Let m(k) = -14. Let j(t) = -4*m(t) + 11*u(t). Let o(r) = 18*j(r) - 4*w(r). Give o(3).
10
Let n(f) = 2*f - 51. Let q be n(22). Let s(v) = 114*v**2 - 108*v**2 - 7*v + v + v**3 - 2. What is s(q)?
-9
Let l(u) = -u. Let d(y) = 6*y + 6. Suppose -2*a + 12 = -0*f - f, -a + 9 = -2*f. Let h(p) = a*l(p) + d(p). What is h(-5)?
1
Let z(p) be the third derivative of 0*p + 2*p**2 + 1/20*p**5 - 1/720*p**6 + 0*p**3 + 0 + 1/12*p**4. Let x(f) be the second derivative of z(f). Give x(0).
6
Let x be 340/60 - 1/(-3). Suppose 0 = 2*y - x*y + 8. Let d(u) = -u**3 - 5*u + 0*u**2 + 2 + 0*u**2 - 6*u**y. Give d(-5).
2
Let g be (18/(-45))/((-4)/10). Let a(d) = 4*d - 6. Let f(n) = 1. Let t(m) = a(m) + 5*f(m). What is t(g)?
3
Let c = -168 - -163. Let q(f) = f**2 + f - 6. Give q(c).
14
Let c = 4 + -12. Let o = 4 - -8. Let s = o + c. Let v(p) = p**3 - 2*p**2 - 7*p + 6. Calculate v(s).
10
Let u(a) = 2*a**2 + 5*a + 8. Let b be u(-2). Let z(r) = 6*r - 12 + 10 + r**2 + b. Calculate z(-6).
4
Suppose 2*g = -3*i - 576 + 569, 0 = 3*i - 3. Let l(a) be the second derivative of a**3/3 + 3*a**2/2 - a. What is l(g)?
-7
Let h(d) = -d**2 + 3*d - 1. Suppose 17*w - 42 = 3*w. Determine h(w).
-1
Let k be 2*(2 + 1 - 6). Let n(c) = 55 - 8 + 44*c - 4*c**2 + 7*c**2. Let l(w) = -w**2 - 15*w - 16. Let d(m) = k*n(m) - 17*l(m). What is d(-8)?
-2
Let x(b) be the second derivative of -1/3*b**3 + 1/6*b**4 + 36*b - b**2 + 0. Determine x(3).
10
Let r(x) = -x**3 + 7*x**2 - 6*x + 3. Suppose -926*t = -909*t - 102. Determine r(t).
3
Suppose -5*f - 2*q + 7*q - 75 = 0, -4*q + 42 = -3*f. Let y be (8/6)/((-4)/f). Let j(l) = l**2 - 8*l + 8. Determine j(y).
-4
Let j(u) = -u**2 + 6*u + 11. Let y(l) = 2*l**2 - 7*l + 11. Let r be y(3). What is j(r)?
-5
Let j(t) = -4 + t - 5 + 6 - 3 + t**2. Let k(b) = b**3 + 6*b**2. Let o be k(-6). What is j(o)?
-6
Let k(p) be the third derivative of -1/24*p**4 - 10*p**2 - 1/60*p**5 + 0 + 0*p - 3/2*p**3. Determine k(0).
-9
Let b = -1027 + 1021. Let a(x) = x**3 + 5*x**2 - 4*x + 6. Give a(b).
-6
Let p = 8 + -6. Let g = -89 - -89. Suppose -4*b - m - 7 = 13, g = 4*b - p*m + 8. Let w(o) = o**2 + o - 5. Give w(b).
7
Let u = -18 - -13. Suppose 3 - 15 = -4*r. Let m(k) = -5*k**2 - 3*k + 8*k**3 - k + 5*k - 9*k**r. Calculate m(u).
-5
Let f = -35 - -52. Let t(v) = -36*v + 13*v + f*v. Give t(-1).
6
Let u(b) = 201*b - 105*b + b**2 - 100*b - 3. Let s be 9/(-6)*112/6. Let t be s/8 - 6/(-4). Give u(t).
9
Let t(r) = 6*r + 4. Let q(c) = -2 - 3 + 1 - 7*c. Let v(h) = 5*q(h) + 6*t(h). Calculate v(-3).
1
Let i be (-2)/5 + (-16)/10. Let b be ((-2)/(-3))/(3/9). Let z(u) = 7*u**b + 2*u**2 - 7*u**2 + 3*u**3 - 5 - 3*u + 2. What is z(i)?
-13
Let r(o) be the first derivative of 2/3*o**3 + 0*o - 5/2*o**2 + 1/60*o**5 - 2 + 7/24*o**4. Let a(k) be the second derivative of r(k). Give a(-5).
-6
Suppose 172*d = 167*d, -2*d = 2*v - 16. Let z(j) = j**2 - 10*j + 7. Calculate z(v).
-9
Let u(m) = -m**2 - 9*m - 5. Let i = -203 - -197. What is u(i)?
13
Let l(q) = -11*q - 2. Let a(o) = o + 0*o + 49 - 49. Let r(v) = -3*a(v) - l(v). Determine r(-2).
-14
Let o(f) = -4*f + 69. Let r be (1 - 0)/((-12)/(-204)). Calculate o(r).
1
Suppose -j + 5*z = -0*j - 18, 6 = 5*j + 3*z. Suppose -t + 5*b + 7 = -7, -9 = -j*t + 4*b. Let v(i) = 3*i + 6 - 7 - 4*i. Calculate v(t).
0
Suppose -4*t = 1 - 17. Suppose 0*d + 2*d - 20 = -t*w, 4*d - 5*w + 25 = 0. Let j(p) = p**3 - p**2 + p - 12. Calculate j(d).
-12
Let g(m) = -7*m**2 + m - 1. Let o(y) = -5*y**2 - 1. Let u(k) = -2*g(k) + 3*o(k). Give u(-5).
-16
Let y(n) = n**3 + 4*n**2 - 2*n + 1. Suppose 30*x - 27*x - 6 = 0. Suppose 2*l + f = -x*f - 12, 2*l + 5*f + 16 = 0. Give y(l).
16
Let u(m) be the second derivative of m**4/6 - 17*m**3/6 + 4*m**2 - 6*m - 2. What is u(8)?
0
Let i(w) = 11*w**3 + 10*w**2 + 7*w - 3. Let t(b) = -9*b**3 - 11*b**2 - 6*b + 4. Let s(k) = 5*i(k) + 6*t(k). Give s(16).
-7
Suppose m - 4*q = -30, -3*m - 2*q - q = 75. Let a = m + 41. Let y(x) = -a*x - x**2 + 5 - 7*x + 17*x. What is y(-5)?
5
Let d(s) = 5*s - 2 + 6 - 2 - 1 + s**2. Suppose 5*x + 5*t = 15, 3*t + t = -5*x + 14. Suppose -y + 4*y - x*j = -25, 15 = -y + 2*j. Give d(y).
1
Suppose -6*b - 5 = -7*b. Let r(f) = 7*f - 14*f + b*f. Determine r(-3).
6
Let l(b) = 30*b**3 + 41*b**2 + 41*b - 108. Let x(m) = -7*m**3 - 10*m**2 - 10*m + 25. Let k(j) = -3*l(j) - 13*x(j). Suppose -8*g - 25 = -3*g. Determine k(g).
14
Let l(z) = -2*z**3 - 2*z**2 - 2. Let i be l(-2). Let f(x) = -x**2 + 7*x - 4. Give f(i).
2
Let n(a) = -3*a - 8. Let r(l) be the third derivative of -5*l**4/24 - 5*l**3/2 + 12*l**2. Let i(s) = 7*n(s) - 4*r(s). Calculate i(4).
0
Suppose 3*a + 9 = 0, -61 + 64 = 5*u + 4*a. Let c(y) be the third derivative of 1/6*y**4 + 0 + 7/6*y**u - 8*y**2 + 0*y. Give c(-5).
-13
Let k(o) be the second derivative of -o**7/2520 - o**5/6 - 2*o**4 - 24*o. Let b(z) be the third derivative of k(z). What is b(0)?
-20
Let j = -5 + 7. Let g(z) = -z**3 - j*z + 6 + 3*z + 4*z**2 + 3*z**2 - 5*z. Give g(6).
18
Let p be 0/(-7 - -13) + 3/1. Suppose -4*i = 2*y + 6, -p*i - 12 = -y + 5*y. Let v(q) = q + 2. Calculate v(y).
-1
Suppose -12 = j + 4*q - 7*q, -4*q = 3*j + 10. Let m(w) = -6 + 2 - 170504*w + 170503*w + 2 - 4. Calculate m(j).
0
Suppose 0*u - 3*u - 2*r + 13 = 0, r = 3*u - 25. Suppose -3*b + 2 = -u. Let c(p) = 3*p - 4*p**2 - 2*p**3 - b + 2 + p**3. Determine c(-5).
9
Suppose -2*m + 9 = y, -3*y = -m - 1 - 5. Let x(c) = 2*c + 4*c**2 + c - 3 + 0*c**2 - 5*c**2. Determine x(y).
-3
Let u = -448 + 446. Let d(x) = 4*x**2 + 2*x. Determine d(u).
12
Let x(d) be the second derivative of -d**4/12 - 7*d**3/6 - 4*d**2 - 6*d - 2. Let h be 27/(-12)*2*(-36)/(-27). What is x(h)?
-2
Let v(j) = j**3 + 9*j**2 - 10*j + 2. Let t be v(-10). Suppose 2*o + x = 4, 5*o - 5*x = -0 + 10. Let d(k) = -1 + k**2 + 0*k**2 + 0*k**o. What is d(t)?
3
Let r(q) = q - 2. Let g be (30/8)/((-2)/((-64)/6)). Suppose 15 = 5*j - g. Give r(j).
5
Let o(b) be the first derivative of -b**7/168 - b**6/180 + b**4/24 + b**3/3 + 18*b + 20. Let y(x) be the third derivative of o(x). What is y(-1)?
4
Let q(a) = -7*a**2 + 20*a + 3. Let b(l) = -5*l**2 + 18*l + 3. Let d(n) = 4*b(n) - 3*q(n). What is d(-10)?
-17
Let w(r) = -r**3 + 11*r**2 - 7*r + 4. Let l be w(10). Suppose 0 = 5*s + i - l, -2*s + i + 6 = -2. Let b(d) = -s + 5 - d + 1. What is b(-4)?
4
Let i(r) = 8*r**2 + 0 - r**2 - 2 - 8*r - 9 + r**3. Calculate i(-8).
-11
Suppose -4*u - 19 = -3. Let o(m) = m + 6. Let k be o(u). Let c(g) = -g**3 - 3 + g - 4*g + 4*g**2 - k + 2*g. Determine c(4).
-9
Let c(m) = -9*m**3 - m - 1. Suppose -4*h - 6 = -7*h. Suppose -4*s + 0*a = -2*a + 6, 2*s - 5*a + 23 = 0. Let l = s - h. What is c(l)?
9
Let h(l) = 3*l**2 + 3*l - 3. Let i(m) = -m**3 - 2*m**2 - 3*m + 3. Let p(w) = -5*h(w) - 6*i(w). Give p(2).
39
Let d(v) = v**3 - 3*v - 5. Let j(b) = b**3 + b**2 - 2*b - 4. Let k(q) = -3*d(q) + 4*j(q). Suppose -w = -3, 3*w - 80 = 2*l - w. Let g = 31 + l. Calculate k(g).
5
Let x(w) = w**3 + 7*w**2 + 1. Let s be ((-90)/(-27))/(2/6). Let y be (s - (4 + -1))/(-1). Let h be y*(3 - (1 - -1)). Give x(h).
1
Let c(k) 